divisor of c and 80.
20
Let s be (-28)/2*(-9 - -8). Suppose 195 = 5*d + 5*l, -l - l - 174 = -4*d. What is the greatest common divisor of s and d?
14
Let k be 3 + 8 + (2 - -1). What is the highest common divisor of 7 and k?
7
Let k be 17 + -3 + 8/2. Calculate the greatest common factor of 27 and k.
9
Let c be 1*(9 + -2) + 0. Calculate the greatest common divisor of c and 35.
7
Suppose k + k - 342 = 2*z, -4*z - 682 = -3*k. Let m = -105 - z. Let s be 52/6 + (-6)/9. Calculate the greatest common factor of m and s.
8
Let v = 14 + -3. Suppose -f + 11 = -4*k, -4*k - 14 = -3*k - 4*f. Let u be 99*(k - (-32)/12). What is the highest common divisor of u and v?
11
Let v(m) = -m. Let k be v(-4). Let x(h) = 6*h + 2 - h**3 + 0 - 5*h**2 + k. Let c be x(-6). What is the greatest common divisor of c and 3?
3
Let t be (11/(-2))/((-2)/8). Suppose -176 = -8*v + 4*v. Calculate the greatest common factor of t and v.
22
Let s be -4 + 0 + (2 - -4). Calculate the greatest common divisor of s and 4.
2
Let o be 250/30 - (-2)/(-6). Let r = -5 - -7. Calculate the greatest common divisor of o and r.
2
Suppose -3*b + 3*d - 8 + 407 = 0, 5*d = 4*b - 534. Suppose s = n - 0*n + 33, 5*n + b = 4*s. What is the highest common factor of 85 and s?
17
Let h = 10 + -6. Suppose h*n - 44 = k, -n + 5*k = 4*n - 70. Calculate the highest common factor of 110 and n.
10
Suppose -3*s = 2*v - 10 - 11, 5*v = -4*s + 35. Let f(m) = -m + 3. Let d be f(4). Let l be d - 1 - (-1 + -6). What is the greatest common divisor of s and l?
5
Let w(d) = d**3 + d**2 - 9. Let x be w(0). Let r = x + 18. Let p be -6*(0 + (-18)/4). What is the greatest common factor of r and p?
9
Let r = 10 - 5. Let i be ((-2)/10 - -3)*r. Let z(y) = -y + 1. Let w be z(-6). What is the highest common factor of i and w?
7
Let j(i) = -32*i + 2. Let y be j(-2). Suppose g - 6 - 2 = a, 3*a + 30 = 4*g. What is the greatest common factor of g and y?
6
Let y be ((-27)/(-2))/((-1)/2). Let d be ((-16)/(-6))/((-9)/y). Suppose -5*t - 196 = -3*g, -80 = -g - t - t. Calculate the highest common factor of d and g.
8
Suppose 5*u = 3*u. Let d = 1 - u. Let c be (15 - (2 + -1)) + d. What is the greatest common divisor of c and 5?
5
Let s(x) = -104*x. Let z be s(-1). Suppose -3*l + 2*o - 22 + z = 0, 0 = -3*l + 4*o + 80. What is the greatest common divisor of 7 and l?
7
Let u(t) = 5*t - 2. Let f be u(13). Calculate the greatest common divisor of 7 and f.
7
Let u be 6/(-12) - 9/(-2). Suppose -u*a = w - 45, 2*w + 2*a = 3*w - 51. Suppose 0 = 4*k - 161 + w. What is the highest common divisor of 42 and k?
14
Let c be (-2)/(-3)*(-18)/4. Let l = c - -12. Calculate the highest common factor of l and 18.
9
Let n(h) = -8*h + 3 + 2*h + 3*h. Suppose 5*l = -11 - 9. Let w be n(l). What is the greatest common divisor of w and 105?
15
Let b be -2*(1 - 3/(18/357)). What is the highest common divisor of 13 and b?
13
Let i be 2*(4/(-2))/1. Let j be ((-165)/(-10))/(1/i). Let u = -38 - j. Calculate the greatest common factor of u and 14.
14
Suppose -5*n = -4*o + 34, -3*o + 25 = -3*n + 1. Let l(x) = 4*x - 6. Let a be l(3). What is the greatest common divisor of o and a?
6
Suppose -5*r = -16 - 9, -2*l - 14 = 4*r. Let j = l + 31. Calculate the highest common factor of 28 and j.
14
Let r(g) = -18*g**2 + 107*g**2 - 3 + 4. Let q be r(-1). What is the highest common divisor of q and 10?
10
Suppose 2*i - u = 377, 0*u + 380 = 2*i - 2*u. Calculate the greatest common divisor of 17 and i.
17
Suppose 16 = 6*g - 4*g. What is the greatest common factor of 1 and g?
1
Suppose -5*u + 0*f + 2*f = -880, -5*u + f + 880 = 0. Calculate the highest common divisor of 22 and u.
22
Let z(q) = q**2 - 2*q - 8. Let m(r) = 5*r + 5. Let a be m(-2). Let j be z(a). What is the greatest common factor of 18 and j?
9
Suppose -20 = -5*f - 3*m, 3*m + m - 20 = 0. What is the greatest common divisor of f and 5?
1
Suppose -6*c = -c - 520. Calculate the highest common divisor of 13 and c.
13
Let i be 4/16 + (-93)/(-12). Calculate the highest common factor of 72 and i.
8
Suppose 0 = -4*u + 4 + 4. What is the greatest common factor of 5 and u?
1
Suppose 0 = -3*w + 2 + 4. Calculate the greatest common divisor of 8 and w.
2
Let t(i) = i**3 - 6*i**2 + 5*i - 7. Let f be t(6). Calculate the greatest common divisor of f and 115.
23
Let k = 323 - 227. What is the greatest common divisor of k and 12?
12
Suppose 34 + 122 = 3*h. Suppose -4*q = 15 + 17. Let j = q + 21. What is the greatest common factor of h and j?
13
Let r = -77 + 99. What is the greatest common factor of 33 and r?
11
Let b be (-27)/(-12)*128/3. Suppose -b = -4*u - 0*u. Suppose 4*o + 4*a - u = o, 2*o + 4*a = 20. What is the highest common factor of 10 and o?
2
Let o(i) be the first derivative of -i**2/2 - i - 2. Let y be o(-3). Suppose -y = -z + 18. Calculate the greatest common factor of z and 50.
10
Suppose -16 = -2*l + 10. Let m = 43 - 30. Calculate the highest common divisor of l and m.
13
Let x(u) = u**3 + 4*u**2 + u - 2. Let m be x(-2). Let i be 3/m - (-610)/8. What is the greatest common divisor of 11 and i?
11
Suppose -14*p + 144 = -2*p. What is the greatest common divisor of 12 and p?
12
Let m(l) = -3 + 0 + 5*l - 3*l. Let u be m(3). Calculate the highest common divisor of u and 21.
3
Let g be 21 - (90/(-20) + (-2)/(-4)). What is the greatest common factor of 25 and g?
25
Let r(s) = -s**3 + 18. Let p be r(0). Let m(h) = h**2 - 4*h + 4. Let v be m(5). What is the greatest common divisor of p and v?
9
Let g be 4/(-8)*(-23 - -1). Let x = g + -7. Suppose 5*s - 1 = x. What is the highest common divisor of s and 8?
1
Let g(i) = 197*i**2 - i - 1. Let y be g(1). Calculate the highest common divisor of y and 78.
39
Let l = 56 + -50. What is the greatest common factor of l and 132?
6
Let g(p) = 13*p + 2. Let c be g(10). Calculate the greatest common divisor of 12 and c.
12
Let p be (6 + -4)*(-9)/(-2). Suppose 7*i - 3*i - 108 = 0. Calculate the greatest common factor of i and p.
9
Let g(m) = 2*m - 13. Let f be g(9). Suppose 2*l + 5*o - f = 2, 2*l - 15 = 3*o. Calculate the greatest common factor of l and 15.
3
Let m = 22 - 5. Calculate the greatest common divisor of 17 and m.
17
Let t(l) = 19*l + 1. Let q be (-6)/(-9) - 16/(-12). Let g be t(q). What is the greatest common divisor of 13 and g?
13
Let w be (-2)/(-8) + (-12)/(-16). Suppose -2*l = -w - 1. Let b = l - -7. What is the greatest common divisor of b and 8?
8
Suppose -n + 3 = -5. What is the highest common divisor of n and 24?
8
Let n(m) = m**2 - m + 4. Let f be n(0). Suppose -287 = -f*k - 71. Let b be (5/2)/(9/k). What is the highest common divisor of b and 135?
15
Let y = 1 - -1. Let f be y/5 + (-519)/(-15). What is the greatest common divisor of 5 and f?
5
Let a(q) = -q**3 - 7*q**2 - 2*q + 6. Let d = 18 + -25. Let i be a(d). What is the highest common divisor of 30 and i?
10
Suppose -24 = -6*j + 2*j. Calculate the highest common divisor of j and 6.
6
Let n(q) = 3*q**2 - 12*q. Let r be n(7). Calculate the highest common factor of 21 and r.
21
Let h be (0 - -8)*(-36)/(-16). Let i be 4/h - 4308/(-54). What is the greatest common factor of i and 10?
10
Let l be 1/(-2) - 21/(-2). Calculate the highest common divisor of l and 10.
10
Suppose -21*p - 60 = -27*p. What is the highest common divisor of p and 20?
10
Let l be 1/(-3 + (-20)/(-6)). Let v be 106/6 + l/9. What is the greatest common divisor of 12 and v?
6
Let z(f) = -3*f**3 - 4*f**2 - f - 4. Let h be z(-4). Suppose 6*j - 2*j - h = 0. Calculate the highest common divisor of 16 and j.
16
Let q(u) = u**2 + 5*u - 6. Let n be 1*2*(-7 - -4). Let h = n + -1. Let a be q(h). What is the greatest common divisor of a and 12?
4
Let v(j) = -j**3 + 5*j**2 - j - 2. Let d be v(3). Calculate the greatest common factor of d and 143.
13
Let u = -16 - -36. What is the highest common divisor of u and 20?
20
Suppose 44*w + 400 = 49*w. Calculate the highest common factor of w and 32.
16
Let l(n) be the third derivative of n**5/60 + n**4/8 + 35*n**3/6 - 3*n**2. Let r be l(0). Calculate the greatest common divisor of 14 and r.
7
Suppose -12*p + 11*p + 30 = 0. Calculate the highest common factor of 45 and p.
15
Suppose 4*j = -81 - 59. Let x be 21/j - 23/(-5). What is the greatest common divisor of x and 10?
2
Suppose 2 = -2*p, -5*v - 4*p = p - 185. What is the highest common